{"id":512,"date":"2021-04-22T10:38:10","date_gmt":"2021-04-22T09:38:10","guid":{"rendered":"http:\/\/zvonimirjelinic.from.hr\/files\/2021\/04\/Problem-rasvjete-i-sigurnost-prometa-dopis-G\u010c-page-001.jpg"},"modified":"2021-04-22T10:38:10","modified_gmt":"2021-04-22T09:38:10","slug":"problem-rasvjete-i-sigurnost-prometa-dopis-gc-page-001","status":"inherit","type":"attachment","link":"http:\/\/zvonimirjelinic.from.hr\/?attachment_id=512","title":{"rendered":"Problem rasvjete i sigurnost prometa &#8211; dopis G\u010c-page-001"},"author":1044,"comment_status":"open","ping_status":"closed","template":"","meta":{"ngg_post_thumbnail":0},"yoast_head":"<!-- This site is optimized with the Yoast SEO plugin v17.5 - https:\/\/yoast.com\/wordpress\/plugins\/seo\/ -->\n<title>Problem rasvjete i sigurnost prometa - dopis G\u010c-page-001 - Izv. prof. dr. Zvonimir Jelini\u0107 - Home Page<\/title>\n<meta name=\"robots\" content=\"index, follow, max-snippet:-1, max-image-preview:large, max-video-preview:-1\" \/>\n<link rel=\"canonical\" href=\"http:\/\/from.hr\/zvonimirjelinic\/files\/2021\/04\/Problem-rasvjete-i-sigurnost-prometa-dopis-G\u010c-page-001.jpg\" \/>\n<meta property=\"og:locale\" content=\"hr_HR\" \/>\n<meta property=\"og:type\" content=\"article\" \/>\n<meta property=\"og:title\" content=\"Problem rasvjete i sigurnost prometa - dopis G\u010c-page-001 - Izv. prof. dr. Zvonimir Jelini\u0107 - Home Page\" \/>\n<meta property=\"og:url\" content=\"http:\/\/from.hr\/zvonimirjelinic\/files\/2021\/04\/Problem-rasvjete-i-sigurnost-prometa-dopis-G\u010c-page-001.jpg\" \/>\n<meta property=\"og:site_name\" content=\"Izv. prof. dr. Zvonimir Jelini\u0107 - Home Page\" \/>\n<meta property=\"og:image\" content=\"http:\/\/from.hr\/zvonimirjelinic\/files\/2021\/04\/Problem-rasvjete-i-sigurnost-prometa-dopis-G\u010c-page-001.jpg\" \/>\n\t<meta property=\"og:image:width\" content=\"1650\" \/>\n\t<meta property=\"og:image:height\" content=\"1275\" \/>\n<meta name=\"twitter:card\" content=\"summary\" \/>\n<script type=\"application\/ld+json\" class=\"yoast-schema-graph\">{\"@context\":\"https:\/\/schema.org\",\"@graph\":[{\"@type\":[\"Person\",\"Organization\"],\"@id\":\"http:\/\/zvonimirjelinic.from.hr\/#\/schema\/person\/902802c132d5af8d138cf9882ffcea52\",\"name\":\"zvonimirjelinic\",\"image\":{\"@type\":\"ImageObject\",\"@id\":\"http:\/\/zvonimirjelinic.from.hr\/#personlogo\",\"inLanguage\":\"hr\",\"url\":\"http:\/\/1.gravatar.com\/avatar\/75deb054044120dc99dc4bb5ddfca5f7?s=96&d=blank&r=g\",\"contentUrl\":\"http:\/\/1.gravatar.com\/avatar\/75deb054044120dc99dc4bb5ddfca5f7?s=96&d=blank&r=g\",\"caption\":\"zvonimirjelinic\"},\"logo\":{\"@id\":\"http:\/\/zvonimirjelinic.from.hr\/#personlogo\"}},{\"@type\":\"WebSite\",\"@id\":\"http:\/\/zvonimirjelinic.from.hr\/#website\",\"url\":\"http:\/\/zvonimirjelinic.from.hr\/\",\"name\":\"Izv. prof. dr. Zvonimir Jelini\\u0107 - Home Page\",\"description\":\"\",\"publisher\":{\"@id\":\"http:\/\/zvonimirjelinic.from.hr\/#\/schema\/person\/902802c132d5af8d138cf9882ffcea52\"},\"potentialAction\":[{\"@type\":\"SearchAction\",\"target\":{\"@type\":\"EntryPoint\",\"urlTemplate\":\"http:\/\/zvonimirjelinic.from.hr\/?s={search_term_string}\"},\"query-input\":\"required name=search_term_string\"}],\"inLanguage\":\"hr\"},{\"@type\":\"WebPage\",\"@id\":\"http:\/\/from.hr\/zvonimirjelinic\/files\/2021\/04\/Problem-rasvjete-i-sigurnost-prometa-dopis-G\\u010c-page-001.jpg#webpage\",\"url\":\"http:\/\/from.hr\/zvonimirjelinic\/files\/2021\/04\/Problem-rasvjete-i-sigurnost-prometa-dopis-G\\u010c-page-001.jpg\",\"name\":\"Problem rasvjete i sigurnost prometa - dopis G\\u010c-page-001 - Izv. prof. dr. Zvonimir Jelini\\u0107 - Home Page\",\"isPartOf\":{\"@id\":\"http:\/\/zvonimirjelinic.from.hr\/#website\"},\"datePublished\":\"2021-04-22T09:38:10+00:00\",\"dateModified\":\"2021-04-22T09:38:10+00:00\",\"breadcrumb\":{\"@id\":\"http:\/\/from.hr\/zvonimirjelinic\/files\/2021\/04\/Problem-rasvjete-i-sigurnost-prometa-dopis-G\\u010c-page-001.jpg#breadcrumb\"},\"inLanguage\":\"hr\",\"potentialAction\":[{\"@type\":\"ReadAction\",\"target\":[\"http:\/\/from.hr\/zvonimirjelinic\/files\/2021\/04\/Problem-rasvjete-i-sigurnost-prometa-dopis-G\\u010c-page-001.jpg\"]}]},{\"@type\":\"BreadcrumbList\",\"@id\":\"http:\/\/from.hr\/zvonimirjelinic\/files\/2021\/04\/Problem-rasvjete-i-sigurnost-prometa-dopis-G\\u010c-page-001.jpg#breadcrumb\",\"itemListElement\":[{\"@type\":\"ListItem\",\"position\":1,\"name\":\"Home\",\"item\":\"http:\/\/zvonimirjelinic.from.hr\/\"},{\"@type\":\"ListItem\",\"position\":2,\"name\":\"Rad vs. nerad\",\"item\":\"http:\/\/zvonimirjelinic.from.hr\/?p=491\"},{\"@type\":\"ListItem\",\"position\":3,\"name\":\"Problem rasvjete i sigurnost prometa &#8211; dopis G\\u010c-page-001\"}]}]}<\/script>\n<!-- \/ Yoast SEO plugin. -->","yoast_head_json":{"title":"Problem rasvjete i sigurnost prometa - dopis G\u010c-page-001 - Izv. prof. dr. Zvonimir Jelini\u0107 - Home Page","robots":{"index":"index","follow":"follow","max-snippet":"max-snippet:-1","max-image-preview":"max-image-preview:large","max-video-preview":"max-video-preview:-1"},"canonical":"http:\/\/from.hr\/zvonimirjelinic\/files\/2021\/04\/Problem-rasvjete-i-sigurnost-prometa-dopis-G\u010c-page-001.jpg","og_locale":"hr_HR","og_type":"article","og_title":"Problem rasvjete i sigurnost prometa - dopis G\u010c-page-001 - Izv. prof. dr. Zvonimir Jelini\u0107 - Home Page","og_url":"http:\/\/from.hr\/zvonimirjelinic\/files\/2021\/04\/Problem-rasvjete-i-sigurnost-prometa-dopis-G\u010c-page-001.jpg","og_site_name":"Izv. prof. dr. Zvonimir Jelini\u0107 - Home Page","og_image":[{"width":1650,"height":1275,"url":"http:\/\/from.hr\/zvonimirjelinic\/files\/2021\/04\/Problem-rasvjete-i-sigurnost-prometa-dopis-G\u010c-page-001.jpg","type":"image\/jpeg"}],"twitter_card":"summary","schema":{"@context":"https:\/\/schema.org","@graph":[{"@type":["Person","Organization"],"@id":"http:\/\/zvonimirjelinic.from.hr\/#\/schema\/person\/902802c132d5af8d138cf9882ffcea52","name":"zvonimirjelinic","image":{"@type":"ImageObject","@id":"http:\/\/zvonimirjelinic.from.hr\/#personlogo","inLanguage":"hr","url":"http:\/\/1.gravatar.com\/avatar\/75deb054044120dc99dc4bb5ddfca5f7?s=96&d=blank&r=g","contentUrl":"http:\/\/1.gravatar.com\/avatar\/75deb054044120dc99dc4bb5ddfca5f7?s=96&d=blank&r=g","caption":"zvonimirjelinic"},"logo":{"@id":"http:\/\/zvonimirjelinic.from.hr\/#personlogo"}},{"@type":"WebSite","@id":"http:\/\/zvonimirjelinic.from.hr\/#website","url":"http:\/\/zvonimirjelinic.from.hr\/","name":"Izv. prof. dr. Zvonimir Jelini\u0107 - Home Page","description":"","publisher":{"@id":"http:\/\/zvonimirjelinic.from.hr\/#\/schema\/person\/902802c132d5af8d138cf9882ffcea52"},"potentialAction":[{"@type":"SearchAction","target":{"@type":"EntryPoint","urlTemplate":"http:\/\/zvonimirjelinic.from.hr\/?s={search_term_string}"},"query-input":"required name=search_term_string"}],"inLanguage":"hr"},{"@type":"WebPage","@id":"http:\/\/from.hr\/zvonimirjelinic\/files\/2021\/04\/Problem-rasvjete-i-sigurnost-prometa-dopis-G\u010c-page-001.jpg#webpage","url":"http:\/\/from.hr\/zvonimirjelinic\/files\/2021\/04\/Problem-rasvjete-i-sigurnost-prometa-dopis-G\u010c-page-001.jpg","name":"Problem rasvjete i sigurnost prometa - dopis G\u010c-page-001 - Izv. prof. dr. Zvonimir Jelini\u0107 - Home Page","isPartOf":{"@id":"http:\/\/zvonimirjelinic.from.hr\/#website"},"datePublished":"2021-04-22T09:38:10+00:00","dateModified":"2021-04-22T09:38:10+00:00","breadcrumb":{"@id":"http:\/\/from.hr\/zvonimirjelinic\/files\/2021\/04\/Problem-rasvjete-i-sigurnost-prometa-dopis-G\u010c-page-001.jpg#breadcrumb"},"inLanguage":"hr","potentialAction":[{"@type":"ReadAction","target":["http:\/\/from.hr\/zvonimirjelinic\/files\/2021\/04\/Problem-rasvjete-i-sigurnost-prometa-dopis-G\u010c-page-001.jpg"]}]},{"@type":"BreadcrumbList","@id":"http:\/\/from.hr\/zvonimirjelinic\/files\/2021\/04\/Problem-rasvjete-i-sigurnost-prometa-dopis-G\u010c-page-001.jpg#breadcrumb","itemListElement":[{"@type":"ListItem","position":1,"name":"Home","item":"http:\/\/zvonimirjelinic.from.hr\/"},{"@type":"ListItem","position":2,"name":"Rad vs. nerad","item":"http:\/\/zvonimirjelinic.from.hr\/?p=491"},{"@type":"ListItem","position":3,"name":"Problem rasvjete i sigurnost prometa &#8211; dopis G\u010c-page-001"}]}]}},"description":{"rendered":"<p class=\"attachment\"><a href='http:\/\/zvonimirjelinic.from.hr\/files\/2021\/04\/Problem-rasvjete-i-sigurnost-prometa-dopis-G\u010c-page-001.jpg'><img width=\"300\" height=\"232\" src=\"http:\/\/zvonimirjelinic.from.hr\/files\/2021\/04\/Problem-rasvjete-i-sigurnost-prometa-dopis-G\u010c-page-001-300x232.jpg\" class=\"attachment-medium size-medium\" alt=\"\" loading=\"lazy\" srcset=\"http:\/\/zvonimirjelinic.from.hr\/files\/2021\/04\/Problem-rasvjete-i-sigurnost-prometa-dopis-G\u010c-page-001-300x232.jpg 300w, http:\/\/zvonimirjelinic.from.hr\/files\/2021\/04\/Problem-rasvjete-i-sigurnost-prometa-dopis-G\u010c-page-001-768x593.jpg 768w, http:\/\/zvonimirjelinic.from.hr\/files\/2021\/04\/Problem-rasvjete-i-sigurnost-prometa-dopis-G\u010c-page-001-1024x791.jpg 1024w, http:\/\/zvonimirjelinic.from.hr\/files\/2021\/04\/Problem-rasvjete-i-sigurnost-prometa-dopis-G\u010c-page-001.jpg 1650w\" sizes=\"(max-width: 300px) 100vw, 300px\" \/><\/a><\/p>\n"},"caption":{"rendered":""},"alt_text":"","media_type":"image","mime_type":"image\/jpeg","media_details":{"width":1650,"height":1275,"file":"2021\/04\/Problem-rasvjete-i-sigurnost-prometa-dopis-G\u010c-page-001.jpg","sizes":{"thumbnail":{"file":"Problem-rasvjete-i-sigurnost-prometa-dopis-G\u010c-page-001-150x150.jpg","width":150,"height":150,"mime_type":"image\/jpeg","source_url":"http:\/\/from.hr\/zvonimirjelinic\/files\/2021\/04\/Problem-rasvjete-i-sigurnost-prometa-dopis-G\u010c-page-001-150x150.jpg"},"medium":{"file":"Problem-rasvjete-i-sigurnost-prometa-dopis-G\u010c-page-001-300x232.jpg","width":300,"height":232,"mime_type":"image\/jpeg","source_url":"http:\/\/from.hr\/zvonimirjelinic\/files\/2021\/04\/Problem-rasvjete-i-sigurnost-prometa-dopis-G\u010c-page-001-300x232.jpg"},"medium_large":{"file":"Problem-rasvjete-i-sigurnost-prometa-dopis-G\u010c-page-001-768x593.jpg","width":768,"height":593,"mime_type":"image\/jpeg","source_url":"http:\/\/from.hr\/zvonimirjelinic\/files\/2021\/04\/Problem-rasvjete-i-sigurnost-prometa-dopis-G\u010c-page-001-768x593.jpg"},"large":{"file":"Problem-rasvjete-i-sigurnost-prometa-dopis-G\u010c-page-001-1024x791.jpg","width":1024,"height":791,"mime_type":"image\/jpeg","source_url":"http:\/\/from.hr\/zvonimirjelinic\/files\/2021\/04\/Problem-rasvjete-i-sigurnost-prometa-dopis-G\u010c-page-001-1024x791.jpg"},"single-thumbnail":{"file":"Problem-rasvjete-i-sigurnost-prometa-dopis-G\u010c-page-001-636x310.jpg","width":636,"height":310,"mime_type":"image\/jpeg","source_url":"http:\/\/from.hr\/zvonimirjelinic\/files\/2021\/04\/Problem-rasvjete-i-sigurnost-prometa-dopis-G\u010c-page-001-636x310.jpg"},"full":{"file":"Problem-rasvjete-i-sigurnost-prometa-dopis-G\u010c-page-001.jpg","width":1650,"height":1275,"mime_type":"image\/jpeg","source_url":"http:\/\/from.hr\/zvonimirjelinic\/files\/2021\/04\/Problem-rasvjete-i-sigurnost-prometa-dopis-G\u010c-page-001.jpg"}},"image_meta":{"aperture":"0","credit":"","camera":"","caption":"","created_timestamp":"0","copyright":"","focal_length":"0","iso":"0","shutter_speed":"0","title":"","orientation":"0","keywords":[]}},"post":491,"source_url":"http:\/\/from.hr\/zvonimirjelinic\/files\/2021\/04\/Problem-rasvjete-i-sigurnost-prometa-dopis-G\u010c-page-001.jpg","_links":{"self":[{"href":"http:\/\/zvonimirjelinic.from.hr\/index.php?rest_route=\/wp\/v2\/media\/512"}],"collection":[{"href":"http:\/\/zvonimirjelinic.from.hr\/index.php?rest_route=\/wp\/v2\/media"}],"about":[{"href":"http:\/\/zvonimirjelinic.from.hr\/index.php?rest_route=\/wp\/v2\/types\/attachment"}],"author":[{"embeddable":true,"href":"http:\/\/zvonimirjelinic.from.hr\/index.php?rest_route=\/wp\/v2\/users\/1044"}],"replies":[{"embeddable":true,"href":"http:\/\/zvonimirjelinic.from.hr\/index.php?rest_route=%2Fwp%2Fv2%2Fcomments&post=512"}]}}

http://zvonimirjelinic.from.hr/files/2021/04/Problem-rasvjete-i-sigurnost-prometa-dopis-GČ-page-001.jpg

Problem rasvjete i sigurnost prometa &#8211; dopis GČ-page-001

<!-- This site is optimized with the Yoast SEO plugin v17.5 - https://yoast.com/wordpress/plugins/seo/ -->
<title>Problem rasvjete i sigurnost prometa - dopis GČ-page-001 - Izv. prof. dr. Zvonimir Jelinić - Home Page</title>
<meta name="robots" content="index, follow, max-snippet:-1, max-image-preview:large, max-video-preview:-1" />
<link rel="canonical" href="http://from.hr/zvonimirjelinic/files/2021/04/Problem-rasvjete-i-sigurnost-prometa-dopis-GČ-page-001.jpg" />
<meta property="og:locale" content="hr_HR" />
<meta property="og:type" content="article" />
<meta property="og:title" content="Problem rasvjete i sigurnost prometa - dopis GČ-page-001 - Izv. prof. dr. Zvonimir Jelinić - Home Page" />
<meta property="og:url" content="http://from.hr/zvonimirjelinic/files/2021/04/Problem-rasvjete-i-sigurnost-prometa-dopis-GČ-page-001.jpg" />
<meta property="og:site_name" content="Izv. prof. dr. Zvonimir Jelinić - Home Page" />
<meta property="og:image" content="http://from.hr/zvonimirjelinic/files/2021/04/Problem-rasvjete-i-sigurnost-prometa-dopis-GČ-page-001.jpg" />
	<meta property="og:image:width" content="1650" />
	<meta property="og:image:height" content="1275" />
<meta name="twitter:card" content="summary" />
<script type="application/ld+json" class="yoast-schema-graph">{"@context":"https://schema.org","@graph":[{"@type":["Person","Organization"],"@id":"http://zvonimirjelinic.from.hr/#/schema/person/902802c132d5af8d138cf9882ffcea52","name":"zvonimirjelinic","image":{"@type":"ImageObject","@id":"http://zvonimirjelinic.from.hr/#personlogo","inLanguage":"hr","url":"http://1.gravatar.com/avatar/75deb054044120dc99dc4bb5ddfca5f7?s=96&d=blank&r=g","contentUrl":"http://1.gravatar.com/avatar/75deb054044120dc99dc4bb5ddfca5f7?s=96&d=blank&r=g","caption":"zvonimirjelinic"},"logo":{"@id":"http://zvonimirjelinic.from.hr/#personlogo"}},{"@type":"WebSite","@id":"http://zvonimirjelinic.from.hr/#website","url":"http://zvonimirjelinic.from.hr/","name":"Izv. prof. dr. Zvonimir Jelini\u0107 - Home Page","description":"","publisher":{"@id":"http://zvonimirjelinic.from.hr/#/schema/person/902802c132d5af8d138cf9882ffcea52"},"potentialAction":[{"@type":"SearchAction","target":{"@type":"EntryPoint","urlTemplate":"http://zvonimirjelinic.from.hr/?s={search_term_string}"},"query-input":"required name=search_term_string"}],"inLanguage":"hr"},{"@type":"WebPage","@id":"http://from.hr/zvonimirjelinic/files/2021/04/Problem-rasvjete-i-sigurnost-prometa-dopis-G\u010c-page-001.jpg#webpage","url":"http://from.hr/zvonimirjelinic/files/2021/04/Problem-rasvjete-i-sigurnost-prometa-dopis-G\u010c-page-001.jpg","name":"Problem rasvjete i sigurnost prometa - dopis G\u010c-page-001 - Izv. prof. dr. Zvonimir Jelini\u0107 - Home Page","isPartOf":{"@id":"http://zvonimirjelinic.from.hr/#website"},"datePublished":"2021-04-22T09:38:10+00:00","dateModified":"2021-04-22T09:38:10+00:00","breadcrumb":{"@id":"http://from.hr/zvonimirjelinic/files/2021/04/Problem-rasvjete-i-sigurnost-prometa-dopis-G\u010c-page-001.jpg#breadcrumb"},"inLanguage":"hr","potentialAction":[{"@type":"ReadAction","target":["http://from.hr/zvonimirjelinic/files/2021/04/Problem-rasvjete-i-sigurnost-prometa-dopis-G\u010c-page-001.jpg"]}]},{"@type":"BreadcrumbList","@id":"http://from.hr/zvonimirjelinic/files/2021/04/Problem-rasvjete-i-sigurnost-prometa-dopis-G\u010c-page-001.jpg#breadcrumb","itemListElement":[{"@type":"ListItem","position":1,"name":"Home","item":"http://zvonimirjelinic.from.hr/"},{"@type":"ListItem","position":2,"name":"Rad vs. nerad","item":"http://zvonimirjelinic.from.hr/?p=491"},{"@type":"ListItem","position":3,"name":"Problem rasvjete i sigurnost prometa &#8211; dopis G\u010c-page-001"}]}]}</script>
<!-- / Yoast SEO plugin. -->

Problem rasvjete i sigurnost prometa - dopis GČ-page-001 - Izv. prof. dr. Zvonimir Jelinić - Home Page

http://from.hr/zvonimirjelinic/files/2021/04/Problem-rasvjete-i-sigurnost-prometa-dopis-GČ-page-001.jpg

Izv. prof. dr. Zvonimir Jelinić - Home Page

http://from.hr/zvonimirjelinic/files/2021/04/Problem-rasvjete-i-sigurnost-prometa-dopis-GČ-page-001.jpg#webpage

http://from.hr/zvonimirjelinic/files/2021/04/Problem-rasvjete-i-sigurnost-prometa-dopis-GČ-page-001.jpg#breadcrumb

<p class="attachment"><a href='http://zvonimirjelinic.from.hr/files/2021/04/Problem-rasvjete-i-sigurnost-prometa-dopis-GČ-page-001.jpg'><img width="300" height="232" src="http://zvonimirjelinic.from.hr/files/2021/04/Problem-rasvjete-i-sigurnost-prometa-dopis-GČ-page-001-300x232.jpg" class="attachment-medium size-medium" alt="" loading="lazy" srcset="http://zvonimirjelinic.from.hr/files/2021/04/Problem-rasvjete-i-sigurnost-prometa-dopis-GČ-page-001-300x232.jpg 300w, http://zvonimirjelinic.from.hr/files/2021/04/Problem-rasvjete-i-sigurnost-prometa-dopis-GČ-page-001-768x593.jpg 768w, http://zvonimirjelinic.from.hr/files/2021/04/Problem-rasvjete-i-sigurnost-prometa-dopis-GČ-page-001-1024x791.jpg 1024w, http://zvonimirjelinic.from.hr/files/2021/04/Problem-rasvjete-i-sigurnost-prometa-dopis-GČ-page-001.jpg 1650w" sizes="(max-width: 300px) 100vw, 300px" /></a></p>

2021/04/Problem-rasvjete-i-sigurnost-prometa-dopis-GČ-page-001.jpg

Problem-rasvjete-i-sigurnost-prometa-dopis-GČ-page-001-150x150.jpg

http://from.hr/zvonimirjelinic/files/2021/04/Problem-rasvjete-i-sigurnost-prometa-dopis-GČ-page-001-150x150.jpg

Problem-rasvjete-i-sigurnost-prometa-dopis-GČ-page-001-300x232.jpg

http://from.hr/zvonimirjelinic/files/2021/04/Problem-rasvjete-i-sigurnost-prometa-dopis-GČ-page-001-300x232.jpg

Problem-rasvjete-i-sigurnost-prometa-dopis-GČ-page-001-768x593.jpg

http://from.hr/zvonimirjelinic/files/2021/04/Problem-rasvjete-i-sigurnost-prometa-dopis-GČ-page-001-768x593.jpg

Problem-rasvjete-i-sigurnost-prometa-dopis-GČ-page-001-1024x791.jpg

http://from.hr/zvonimirjelinic/files/2021/04/Problem-rasvjete-i-sigurnost-prometa-dopis-GČ-page-001-1024x791.jpg

Problem-rasvjete-i-sigurnost-prometa-dopis-GČ-page-001-636x310.jpg

http://from.hr/zvonimirjelinic/files/2021/04/Problem-rasvjete-i-sigurnost-prometa-dopis-GČ-page-001-636x310.jpg

Problem-rasvjete-i-sigurnost-prometa-dopis-GČ-page-001.jpg
