{"id":665,"date":"2022-11-15T22:12:36","date_gmt":"2022-11-15T21:12:36","guid":{"rendered":"http:\/\/zvonimirjelinic.from.hr\/?page_id=665"},"modified":"2022-11-15T22:12:36","modified_gmt":"2022-11-15T21:12:36","slug":"ustavna-tuzba-srecko-jelinic","status":"publish","type":"page","link":"http:\/\/zvonimirjelinic.from.hr\/?page_id=665","title":{"rendered":"Ustavna tu\u017eba Sre\u0107ko Jelini\u0107"},"content":{"rendered":"<p><a href=\"http:\/\/zvonimirjelinic.from.hr\/?attachment_id=663\" rel=\"attachment wp-att-663\">Ustavna tu\u017eba Sre\u0107ko Jelini\u0107_1<\/a><\/p>\n<p><a href=\"http:\/\/zvonimirjelinic.from.hr\/?attachment_id=664\" rel=\"attachment wp-att-664\">Ustavna tu\u017eba_Sre\u0107ko Jelini\u0107_2<\/a><\/p>\n","protected":false},"excerpt":{"rendered":"<p>Ustavna tu\u017eba Sre\u0107ko Jelini\u0107_1 Ustavna tu\u017eba_Sre\u0107ko Jelini\u0107_2<\/p>\n","protected":false},"author":1044,"featured_media":0,"parent":0,"menu_order":0,"comment_status":"closed","ping_status":"closed","template":"","meta":{"ngg_post_thumbnail":0},"yoast_head":"<!-- This site is optimized with the Yoast SEO plugin v17.5 - https:\/\/yoast.com\/wordpress\/plugins\/seo\/ -->\n<title>Ustavna tu\u017eba Sre\u0107ko Jelini\u0107 - Izv. prof. dr. Zvonimir Jelini\u0107 - Home Page<\/title>\n<meta name=\"robots\" content=\"index, follow, max-snippet:-1, max-image-preview:large, max-video-preview:-1\" \/>\n<link rel=\"canonical\" href=\"http:\/\/zvonimirjelinic.from.hr\/?page_id=665\" \/>\n<meta property=\"og:locale\" content=\"hr_HR\" \/>\n<meta property=\"og:type\" content=\"article\" \/>\n<meta property=\"og:title\" content=\"Ustavna tu\u017eba Sre\u0107ko Jelini\u0107 - Izv. prof. dr. Zvonimir Jelini\u0107 - Home Page\" \/>\n<meta property=\"og:description\" content=\"Ustavna tu\u017eba Sre\u0107ko Jelini\u0107_1 Ustavna tu\u017eba_Sre\u0107ko Jelini\u0107_2\" \/>\n<meta property=\"og:url\" content=\"http:\/\/zvonimirjelinic.from.hr\/?page_id=665\" \/>\n<meta property=\"og:site_name\" content=\"Izv. prof. dr. Zvonimir Jelini\u0107 - Home Page\" \/>\n<meta name=\"twitter:card\" content=\"summary\" \/>\n<meta name=\"twitter:label1\" content=\"Procijenjeno vrijeme \u010ditanja\" \/>\n\t<meta name=\"twitter:data1\" content=\"1 minuta\" \/>\n<script type=\"application\/ld+json\" class=\"yoast-schema-graph\">{\"@context\":\"https:\/\/schema.org\",\"@graph\":[{\"@type\":[\"Person\",\"Organization\"],\"@id\":\"http:\/\/zvonimirjelinic.from.hr\/#\/schema\/person\/902802c132d5af8d138cf9882ffcea52\",\"name\":\"zvonimirjelinic\",\"image\":{\"@type\":\"ImageObject\",\"@id\":\"http:\/\/zvonimirjelinic.from.hr\/#personlogo\",\"inLanguage\":\"hr\",\"url\":\"http:\/\/1.gravatar.com\/avatar\/75deb054044120dc99dc4bb5ddfca5f7?s=96&d=blank&r=g\",\"contentUrl\":\"http:\/\/1.gravatar.com\/avatar\/75deb054044120dc99dc4bb5ddfca5f7?s=96&d=blank&r=g\",\"caption\":\"zvonimirjelinic\"},\"logo\":{\"@id\":\"http:\/\/zvonimirjelinic.from.hr\/#personlogo\"}},{\"@type\":\"WebSite\",\"@id\":\"http:\/\/zvonimirjelinic.from.hr\/#website\",\"url\":\"http:\/\/zvonimirjelinic.from.hr\/\",\"name\":\"Izv. prof. dr. Zvonimir Jelini\\u0107 - Home Page\",\"description\":\"\",\"publisher\":{\"@id\":\"http:\/\/zvonimirjelinic.from.hr\/#\/schema\/person\/902802c132d5af8d138cf9882ffcea52\"},\"potentialAction\":[{\"@type\":\"SearchAction\",\"target\":{\"@type\":\"EntryPoint\",\"urlTemplate\":\"http:\/\/zvonimirjelinic.from.hr\/?s={search_term_string}\"},\"query-input\":\"required name=search_term_string\"}],\"inLanguage\":\"hr\"},{\"@type\":\"WebPage\",\"@id\":\"http:\/\/zvonimirjelinic.from.hr\/?page_id=665#webpage\",\"url\":\"http:\/\/zvonimirjelinic.from.hr\/?page_id=665\",\"name\":\"Ustavna tu\\u017eba Sre\\u0107ko Jelini\\u0107 - Izv. prof. dr. Zvonimir Jelini\\u0107 - Home Page\",\"isPartOf\":{\"@id\":\"http:\/\/zvonimirjelinic.from.hr\/#website\"},\"datePublished\":\"2022-11-15T21:12:36+00:00\",\"dateModified\":\"2022-11-15T21:12:36+00:00\",\"breadcrumb\":{\"@id\":\"http:\/\/zvonimirjelinic.from.hr\/?page_id=665#breadcrumb\"},\"inLanguage\":\"hr\",\"potentialAction\":[{\"@type\":\"ReadAction\",\"target\":[\"http:\/\/zvonimirjelinic.from.hr\/?page_id=665\"]}]},{\"@type\":\"BreadcrumbList\",\"@id\":\"http:\/\/zvonimirjelinic.from.hr\/?page_id=665#breadcrumb\",\"itemListElement\":[{\"@type\":\"ListItem\",\"position\":1,\"name\":\"Home\",\"item\":\"http:\/\/zvonimirjelinic.from.hr\/\"},{\"@type\":\"ListItem\",\"position\":2,\"name\":\"Ustavna tu\\u017eba Sre\\u0107ko Jelini\\u0107\"}]}]}<\/script>\n<!-- \/ Yoast SEO plugin. -->","yoast_head_json":{"title":"Ustavna tu\u017eba Sre\u0107ko Jelini\u0107 - Izv. prof. dr. Zvonimir Jelini\u0107 - Home Page","robots":{"index":"index","follow":"follow","max-snippet":"max-snippet:-1","max-image-preview":"max-image-preview:large","max-video-preview":"max-video-preview:-1"},"canonical":"http:\/\/zvonimirjelinic.from.hr\/?page_id=665","og_locale":"hr_HR","og_type":"article","og_title":"Ustavna tu\u017eba Sre\u0107ko Jelini\u0107 - Izv. prof. dr. Zvonimir Jelini\u0107 - Home Page","og_description":"Ustavna tu\u017eba Sre\u0107ko Jelini\u0107_1 Ustavna tu\u017eba_Sre\u0107ko Jelini\u0107_2","og_url":"http:\/\/zvonimirjelinic.from.hr\/?page_id=665","og_site_name":"Izv. prof. dr. Zvonimir Jelini\u0107 - Home Page","twitter_card":"summary","twitter_misc":{"Procijenjeno vrijeme \u010ditanja":"1 minuta"},"schema":{"@context":"https:\/\/schema.org","@graph":[{"@type":["Person","Organization"],"@id":"http:\/\/zvonimirjelinic.from.hr\/#\/schema\/person\/902802c132d5af8d138cf9882ffcea52","name":"zvonimirjelinic","image":{"@type":"ImageObject","@id":"http:\/\/zvonimirjelinic.from.hr\/#personlogo","inLanguage":"hr","url":"http:\/\/1.gravatar.com\/avatar\/75deb054044120dc99dc4bb5ddfca5f7?s=96&d=blank&r=g","contentUrl":"http:\/\/1.gravatar.com\/avatar\/75deb054044120dc99dc4bb5ddfca5f7?s=96&d=blank&r=g","caption":"zvonimirjelinic"},"logo":{"@id":"http:\/\/zvonimirjelinic.from.hr\/#personlogo"}},{"@type":"WebSite","@id":"http:\/\/zvonimirjelinic.from.hr\/#website","url":"http:\/\/zvonimirjelinic.from.hr\/","name":"Izv. prof. dr. Zvonimir Jelini\u0107 - Home Page","description":"","publisher":{"@id":"http:\/\/zvonimirjelinic.from.hr\/#\/schema\/person\/902802c132d5af8d138cf9882ffcea52"},"potentialAction":[{"@type":"SearchAction","target":{"@type":"EntryPoint","urlTemplate":"http:\/\/zvonimirjelinic.from.hr\/?s={search_term_string}"},"query-input":"required name=search_term_string"}],"inLanguage":"hr"},{"@type":"WebPage","@id":"http:\/\/zvonimirjelinic.from.hr\/?page_id=665#webpage","url":"http:\/\/zvonimirjelinic.from.hr\/?page_id=665","name":"Ustavna tu\u017eba Sre\u0107ko Jelini\u0107 - Izv. prof. dr. Zvonimir Jelini\u0107 - Home Page","isPartOf":{"@id":"http:\/\/zvonimirjelinic.from.hr\/#website"},"datePublished":"2022-11-15T21:12:36+00:00","dateModified":"2022-11-15T21:12:36+00:00","breadcrumb":{"@id":"http:\/\/zvonimirjelinic.from.hr\/?page_id=665#breadcrumb"},"inLanguage":"hr","potentialAction":[{"@type":"ReadAction","target":["http:\/\/zvonimirjelinic.from.hr\/?page_id=665"]}]},{"@type":"BreadcrumbList","@id":"http:\/\/zvonimirjelinic.from.hr\/?page_id=665#breadcrumb","itemListElement":[{"@type":"ListItem","position":1,"name":"Home","item":"http:\/\/zvonimirjelinic.from.hr\/"},{"@type":"ListItem","position":2,"name":"Ustavna tu\u017eba Sre\u0107ko Jelini\u0107"}]}]}},"_links":{"self":[{"href":"http:\/\/zvonimirjelinic.from.hr\/index.php?rest_route=\/wp\/v2\/pages\/665"}],"collection":[{"href":"http:\/\/zvonimirjelinic.from.hr\/index.php?rest_route=\/wp\/v2\/pages"}],"about":[{"href":"http:\/\/zvonimirjelinic.from.hr\/index.php?rest_route=\/wp\/v2\/types\/page"}],"author":[{"embeddable":true,"href":"http:\/\/zvonimirjelinic.from.hr\/index.php?rest_route=\/wp\/v2\/users\/1044"}],"replies":[{"embeddable":true,"href":"http:\/\/zvonimirjelinic.from.hr\/index.php?rest_route=%2Fwp%2Fv2%2Fcomments&post=665"}],"version-history":[{"count":1,"href":"http:\/\/zvonimirjelinic.from.hr\/index.php?rest_route=\/wp\/v2\/pages\/665\/revisions"}],"predecessor-version":[{"id":666,"href":"http:\/\/zvonimirjelinic.from.hr\/index.php?rest_route=\/wp\/v2\/pages\/665\/revisions\/666"}],"wp:attachment":[{"href":"http:\/\/zvonimirjelinic.from.hr\/index.php?rest_route=%2Fwp%2Fv2%2Fmedia&parent=665"}],"curies":[{"name":"wp","href":"https:\/\/api.w.org\/{rel}","templated":true}]}}